{"id":244,"date":"2021-05-01T13:53:38","date_gmt":"2021-05-01T11:53:38","guid":{"rendered":"http:\/\/quantania.de\/?page_id=244"},"modified":"2023-02-06T17:51:21","modified_gmt":"2023-02-06T16:51:21","slug":"vita-2","status":"publish","type":"page","link":"http:\/\/quantania.de\/?page_id=244","title":{"rendered":"Vita"},"content":{"rendered":"\t\t<div data-elementor-type=\"wp-page\" data-elementor-id=\"244\" class=\"elementor elementor-244\" data-elementor-settings=\"[]\">\n\t\t\t\t\t\t<div class=\"elementor-inner\">\n\t\t\t\t\t\t\t<div class=\"elementor-section-wrap\">\n\t\t\t\t\t\t\t<section class=\"elementor-section elementor-top-section elementor-element elementor-element-f39d574 elementor-section-boxed elementor-section-height-default elementor-section-height-default\" data-id=\"f39d574\" data-element_type=\"section\">\n\t\t\t\t\t\t<div class=\"elementor-container elementor-column-gap-default\">\n\t\t\t\t\t\t\t<div class=\"elementor-row\">\n\t\t\t\t\t<div class=\"elementor-column elementor-col-100 elementor-top-column elementor-element elementor-element-4d765f5\" data-id=\"4d765f5\" data-element_type=\"column\">\n\t\t\t<div class=\"elementor-column-wrap elementor-element-populated\">\n\t\t\t\t\t\t\t<div class=\"elementor-widget-wrap\">\n\t\t\t\t\t\t<div class=\"elementor-element elementor-element-105d7f3 elementor-widget elementor-widget-text-editor\" data-id=\"105d7f3\" data-element_type=\"widget\" data-widget_type=\"text-editor.default\">\n\t\t\t\t<div class=\"elementor-widget-container\">\n\t\t\t\t\t\t\t\t<div class=\"elementor-text-editor elementor-clearfix\">\n\t\t\t\t<p>Michael Bauer \u2013Kempff\u00a0 \/ MBK \/ chiSigner\u00a0<\/p><p>Als M\u00fcnchner Kindl n\u00e4he K\u00f6nigsplatz am 19.02.1961 um 11:58 Uhr\u00a0 das Licht der Welt erblickt. Numerologisch eine 29\/<span style=\"font-size: 14px; color: var( --e-global-color-text ); letter-spacing: 1.2px;\">11 \/ Meisterzahl<\/span><\/p><p>M\u00fctterlicherseits stammt MBK aus einer ber\u00fchmten Musiker-Familie Wilhem Kempff \/\u00a0 Schloss Thurau\u00a0 HYPERLINK &#171;http:\/\/www.schloss-thurnau.de&#187; www.schloss-thurnau.de\u00a0 in der N\u00e4he von Bayreuth\u00a0 und v\u00e4terlicherseits aus dem malerischen Gut Schwarzlehen N\u00e4he Wolfratshausen ab.<\/p><p>Eine gro\u00dfartige Synthese aus Liebe zur den darstellenden K\u00fcnsten \/ Musik &amp; Geistes-Wissenschaften\u00a0 kombiniert mit der Bodenst\u00e4ndigkeit seines Vaters, der als Zimmermann hohes Ansehen genoss, gab ihm die Basis f\u00fcr seinen eigenen Lebensweg, der von Kreativit\u00e4t und Pioniergeist gesegnet ist.<\/p><p>,Fr\u00fch zog es ihn von Zuhause fort. Seine Jugend verbrachte der\u00a0 wissbegierige junge Mann auf Schloss Elmau \u2013 wo sein Gro\u00dfvater Wilhelm Kempff regelm\u00e4\u00dfig als Pianist das Publikum begeisterte. Dort wurde er einer Reifepr\u00fcfung unterzogen und lernte viele internationale Gr\u00f6\u00dfen der Musik-&amp; Kunstwelt \u2013 alles herausragende, geniale \u00a0 und kreative Menschen &#8211;\u00a0 in allen Bereichen des Lebens &#8211; kennen.<\/p><p>Er begegnete weltbekannten\u00a0 Musikern wie\u00a0 Yehudi Menuhin, Mauitzio Polini, Marta Agerisch , Rostropovitsch \u2013 nur um einige diese grandiosen Pers\u00f6nlichkeiten zu nennen.<\/p><p>Im Alter von 21 , etwas reifer geworden, erwachte\u00a0 seine Grafiker- &amp; K\u00fcnstlerseele. Nun galt es die n\u00e4chsten Schritte zu machen und die richtigen Weichen zu stellen.<\/p><p>In nur 3 Jahren holte er seinen Fachoberschulrabschluss ( BAS II Bad T\u00f6lz \/ FOS M\u00fcnchen Darstellung \/ Gestaltung) nach und fand danach seinen 1. Wichtigen Wirkungskreis als Grafiker in einem gro\u00dfen Textilveredelungsunternehmen in der N\u00e4he seines Heimatortes Benediktbeuern. In diesem Unternehmen war er f\u00fcr Druckvorlagenherstellung und Kundenbetreuung zust\u00e4ndig.1988 mit 27 Jahren gr\u00fcndete er mit 2 anderen Gesch\u00e4ftspartnern sein erstes Unternehmen im Textildruck in der N\u00e4he vo<u>n G\u00fcnzburg.<\/u><\/p><p>\u00a0<\/p><p style=\"margin-bottom: 0px; font-style: normal; font-variant-caps: normal; font-stretch: normal; font-size: 12px; line-height: normal; font-family: Tahoma;\">\u00a0<\/p>\t\t\t\t\t<\/div>\n\t\t\t\t\t\t<\/div>\n\t\t\t\t<\/div>\n\t\t\t\t\t\t<\/div>\n\t\t\t\t\t<\/div>\n\t\t<\/div>\n\t\t\t\t\t\t\t\t<\/div>\n\t\t\t\t\t<\/div>\n\t\t<\/section>\n\t\t\t\t<section class=\"elementor-section elementor-top-section elementor-element elementor-element-99a2e8c elementor-section-boxed elementor-section-height-default elementor-section-height-default\" data-id=\"99a2e8c\" data-element_type=\"section\">\n\t\t\t\t\t\t<div class=\"elementor-container elementor-column-gap-default\">\n\t\t\t\t\t\t\t<div class=\"elementor-row\">\n\t\t\t\t\t<div class=\"elementor-column elementor-col-100 elementor-top-column elementor-element elementor-element-a27fc26\" data-id=\"a27fc26\" data-element_type=\"column\">\n\t\t\t<div class=\"elementor-column-wrap elementor-element-populated\">\n\t\t\t\t\t\t\t<div class=\"elementor-widget-wrap\">\n\t\t\t\t\t\t<div class=\"elementor-element elementor-element-a6cb756 elementor-widget elementor-widget-text-editor\" data-id=\"a6cb756\" data-element_type=\"widget\" data-widget_type=\"text-editor.default\">\n\t\t\t\t<div class=\"elementor-widget-container\">\n\t\t\t\t\t\t\t\t<div class=\"elementor-text-editor elementor-clearfix\">\n\t\t\t\t<p>QiGong Lehrer mit<span class=\"Apple-converted-space\">\u00a0 <\/span>Shiatsu Kenntnissen \u2022 Ausbildung Breuss-Massage und Dorn Therapeut \u2022 Lauf und Gang-Therapeut nach MBT-Methode \u2022 seit 1999 Besch\u00e4ftigung mit ganzheitlichen Lebenskonzepten mit Schwerpunkt<span class=\"Apple-converted-space\">\u00a0 <\/span>* gesund essen \u2013 gesund gehen \u2013 gesund sitzen \u2013 gesund liegen * . Ab Sommer 2000 entwickelte sich, die F\u00e4higkeit Energie \u00fcber spezielle Symbole und Energiebilder visuell erlebbar zu machen. Mein FoKus richtet sich neben meiner Arbeit als Designer und freischaffender K\u00fcnstler ganz auf die Umsetzung und Verankerung von neuen Energiesystemen und deren Vermarktung. Mitbegr\u00fcnder des KuSZ in T\u00fcrkenfeld und Ausbau<\/p><p>Zu einem ganzheitlichen Informations \u2013 und Ausbildungszentrums . Mitinitiantor im Team \u201e<span class=\"Apple-converted-space\">\u00a0 <\/span>Treffpunkt Lebenserfolg \u201e-<span class=\"Apple-converted-space\">\u00a0 <\/span>dem neuen, alternativen Forum f\u00fcr neues Wissen &#8211; mit dem Ziel, Menschen f\u00fcr ganzheitliche, zukunftsorientierte und erfolgreiche L\u00f6sungen zu sensibilisieren.<\/p><p>Bei mir entz\u00fcndete diese Idee ein nachhaltiges Licht, denn hier kann ich Menschen Produkte, Dienstleistungen und Methoden f\u00fcr ein gesundes, entspanntes und<\/p><p>erfolgreiches Business empfehlen \u2013 f\u00fcr alle mehr Lebensqualit\u00e4t und auch wirklich mein Talent leben \u2013 zum Segen f\u00fcr uns und alle anderen.<\/p><p>\u2026gemeinsam mit Vergn\u00fcgen f\u00fcr ein sch\u00f6nes Leben\u2026<\/p>\t\t\t\t\t<\/div>\n\t\t\t\t\t\t<\/div>\n\t\t\t\t<\/div>\n\t\t\t\t\t\t<\/div>\n\t\t\t\t\t<\/div>\n\t\t<\/div>\n\t\t\t\t\t\t\t\t<\/div>\n\t\t\t\t\t<\/div>\n\t\t<\/section>\n\t\t\t\t\t\t<\/div>\n\t\t\t\t\t\t<\/div>\n\t\t\t\t\t<\/div>\n\t\t","protected":false},"excerpt":{"rendered":"<p>Michael Bauer \u2013Kempff\u00a0 \/ MBK \/ chiSigner\u00a0 Als M\u00fcnchner Kindl n\u00e4he K\u00f6nigsplatz am 19.02.1961 um 11:58 Uhr\u00a0 das Licht der Welt erblickt. Numerologisch eine 29\/11 \/ Meisterzahl M\u00fctterlicherseits stammt MBK aus einer ber\u00fchmten Musiker-Familie Wilhem Kempff \/\u00a0 Schloss Thurau\u00a0 HYPERLINK &#171;http:\/\/www.schloss-thurnau.de&#187; www.schloss-thurnau.de\u00a0 in der N\u00e4he von Bayreuth\u00a0 und v\u00e4terlicherseits aus dem malerischen Gut Schwarzlehen N\u00e4he [&hellip;]<\/p>\n","protected":false},"author":1,"featured_media":0,"parent":0,"menu_order":0,"comment_status":"closed","ping_status":"closed","template":"","meta":{"om_disable_all_campaigns":false,"_monsterinsights_skip_tracking":false,"_monsterinsights_sitenote_active":false,"_monsterinsights_sitenote_note":"","_monsterinsights_sitenote_category":0},"_links":{"self":[{"href":"http:\/\/quantania.de\/index.php?rest_route=\/wp\/v2\/pages\/244"}],"collection":[{"href":"http:\/\/quantania.de\/index.php?rest_route=\/wp\/v2\/pages"}],"about":[{"href":"http:\/\/quantania.de\/index.php?rest_route=\/wp\/v2\/types\/page"}],"author":[{"embeddable":true,"href":"http:\/\/quantania.de\/index.php?rest_route=\/wp\/v2\/users\/1"}],"replies":[{"embeddable":true,"href":"http:\/\/quantania.de\/index.php?rest_route=%2Fwp%2Fv2%2Fcomments&post=244"}],"version-history":[{"count":19,"href":"http:\/\/quantania.de\/index.php?rest_route=\/wp\/v2\/pages\/244\/revisions"}],"predecessor-version":[{"id":668,"href":"http:\/\/quantania.de\/index.php?rest_route=\/wp\/v2\/pages\/244\/revisions\/668"}],"wp:attachment":[{"href":"http:\/\/quantania.de\/index.php?rest_route=%2Fwp%2Fv2%2Fmedia&parent=244"}],"curies":[{"name":"wp","href":"https:\/\/api.w.org\/{rel}","templated":true}]}}

<div data-elementor-type="wp-page" data-elementor-id="244" class="elementor elementor-244" data-elementor-settings="[]">
						<div class="elementor-inner">
							<div class="elementor-section-wrap">
							<section class="elementor-section elementor-top-section elementor-element elementor-element-f39d574 elementor-section-boxed elementor-section-height-default elementor-section-height-default" data-id="f39d574" data-element_type="section">
						<div class="elementor-container elementor-column-gap-default">
							<div class="elementor-row">
					<div class="elementor-column elementor-col-100 elementor-top-column elementor-element elementor-element-4d765f5" data-id="4d765f5" data-element_type="column">
			<div class="elementor-column-wrap elementor-element-populated">
							<div class="elementor-widget-wrap">
						<div class="elementor-element elementor-element-105d7f3 elementor-widget elementor-widget-text-editor" data-id="105d7f3" data-element_type="widget" data-widget_type="text-editor.default">
				<div class="elementor-widget-container">
								<div class="elementor-text-editor elementor-clearfix">
				<p>Michael Bauer –Kempff  / MBK / chiSigner </p><p>Als Münchner Kindl nähe Königsplatz am 19.02.1961 um 11:58 Uhr  das Licht der Welt erblickt. Numerologisch eine 29/<span style="font-size: 14px; color: var( --e-global-color-text ); letter-spacing: 1.2px;">11 / Meisterzahl</span></p><p>Mütterlicherseits stammt MBK aus einer berühmten Musiker-Familie Wilhem Kempff /  Schloss Thurau  HYPERLINK &#171;http://www.schloss-thurnau.de&#187; www.schloss-thurnau.de  in der Nähe von Bayreuth  und väterlicherseits aus dem malerischen Gut Schwarzlehen Nähe Wolfratshausen ab.</p><p>Eine großartige Synthese aus Liebe zur den darstellenden Künsten / Musik &amp; Geistes-Wissenschaften  kombiniert mit der Bodenständigkeit seines Vaters, der als Zimmermann hohes Ansehen genoss, gab ihm die Basis für seinen eigenen Lebensweg, der von Kreativität und Pioniergeist gesegnet ist.</p><p>,Früh zog es ihn von Zuhause fort. Seine Jugend verbrachte der  wissbegierige junge Mann auf Schloss Elmau – wo sein Großvater Wilhelm Kempff regelmäßig als Pianist das Publikum begeisterte. Dort wurde er einer Reifeprüfung unterzogen und lernte viele internationale Größen der Musik-&amp; Kunstwelt – alles herausragende, geniale   und kreative Menschen &#8211;  in allen Bereichen des Lebens &#8211; kennen.</p><p>Er begegnete weltbekannten  Musikern wie  Yehudi Menuhin, Mauitzio Polini, Marta Agerisch , Rostropovitsch – nur um einige diese grandiosen Persönlichkeiten zu nennen.</p><p>Im Alter von 21 , etwas reifer geworden, erwachte  seine Grafiker- &amp; Künstlerseele. Nun galt es die nächsten Schritte zu machen und die richtigen Weichen zu stellen.</p><p>In nur 3 Jahren holte er seinen Fachoberschulrabschluss ( BAS II Bad Tölz / FOS München Darstellung / Gestaltung) nach und fand danach seinen 1. Wichtigen Wirkungskreis als Grafiker in einem großen Textilveredelungsunternehmen in der Nähe seines Heimatortes Benediktbeuern. In diesem Unternehmen war er für Druckvorlagenherstellung und Kundenbetreuung zuständig.1988 mit 27 Jahren gründete er mit 2 anderen Geschäftspartnern sein erstes Unternehmen im Textildruck in der Nähe vo<u>n Günzburg.</u></p><p> </p><p style="margin-bottom: 0px; font-style: normal; font-variant-caps: normal; font-stretch: normal; font-size: 12px; line-height: normal; font-family: Tahoma;"> </p>					</div>
						</div>
				</div>
						</div>
					</div>
		</div>
								</div>
					</div>
		</section>
				<section class="elementor-section elementor-top-section elementor-element elementor-element-99a2e8c elementor-section-boxed elementor-section-height-default elementor-section-height-default" data-id="99a2e8c" data-element_type="section">
						<div class="elementor-container elementor-column-gap-default">
							<div class="elementor-row">
					<div class="elementor-column elementor-col-100 elementor-top-column elementor-element elementor-element-a27fc26" data-id="a27fc26" data-element_type="column">
			<div class="elementor-column-wrap elementor-element-populated">
							<div class="elementor-widget-wrap">
						<div class="elementor-element elementor-element-a6cb756 elementor-widget elementor-widget-text-editor" data-id="a6cb756" data-element_type="widget" data-widget_type="text-editor.default">
				<div class="elementor-widget-container">
								<div class="elementor-text-editor elementor-clearfix">
				<p>QiGong Lehrer mit<span class="Apple-converted-space">  </span>Shiatsu Kenntnissen • Ausbildung Breuss-Massage und Dorn Therapeut • Lauf und Gang-Therapeut nach MBT-Methode • seit 1999 Beschäftigung mit ganzheitlichen Lebenskonzepten mit Schwerpunkt<span class="Apple-converted-space">  </span>* gesund essen – gesund gehen – gesund sitzen – gesund liegen * . Ab Sommer 2000 entwickelte sich, die Fähigkeit Energie über spezielle Symbole und Energiebilder visuell erlebbar zu machen. Mein FoKus richtet sich neben meiner Arbeit als Designer und freischaffender Künstler ganz auf die Umsetzung und Verankerung von neuen Energiesystemen und deren Vermarktung. Mitbegründer des KuSZ in Türkenfeld und Ausbau</p><p>Zu einem ganzheitlichen Informations – und Ausbildungszentrums . Mitinitiantor im Team „<span class="Apple-converted-space">  </span>Treffpunkt Lebenserfolg „-<span class="Apple-converted-space">  </span>dem neuen, alternativen Forum für neues Wissen &#8211; mit dem Ziel, Menschen für ganzheitliche, zukunftsorientierte und erfolgreiche Lösungen zu sensibilisieren.</p><p>Bei mir entzündete diese Idee ein nachhaltiges Licht, denn hier kann ich Menschen Produkte, Dienstleistungen und Methoden für ein gesundes, entspanntes und</p><p>erfolgreiches Business empfehlen – für alle mehr Lebensqualität und auch wirklich mein Talent leben – zum Segen für uns und alle anderen.</p><p>…gemeinsam mit Vergnügen für ein schönes Leben…</p>					</div>
						</div>
				</div>
						</div>
					</div>
		</div>
								</div>
					</div>
		</section>
						</div>
						</div>
					</div>

<p>Michael Bauer –Kempff  / MBK / chiSigner  Als Münchner Kindl nähe Königsplatz am 19.02.1961 um 11:58 Uhr  das Licht der Welt erblickt. Numerologisch eine 29/11 / Meisterzahl Mütterlicherseits stammt MBK aus einer berühmten Musiker-Familie Wilhem Kempff /  Schloss Thurau  HYPERLINK &#171;http://www.schloss-thurnau.de&#187; www.schloss-thurnau.de  in der Nähe von Bayreuth  und väterlicherseits aus dem malerischen Gut Schwarzlehen Nähe [&hellip;]</p>
