{"id":251,"date":"2021-05-01T14:06:51","date_gmt":"2021-05-01T12:06:51","guid":{"rendered":"http:\/\/quantania.de\/?page_id=251"},"modified":"2024-09-16T15:02:12","modified_gmt":"2024-09-16T13:02:12","slug":"lo-shu","status":"publish","type":"page","link":"http:\/\/quantania.de\/?page_id=251","title":{"rendered":"chiSign Logo-Kunst"},"content":{"rendered":"\t\t<div data-elementor-type=\"wp-page\" data-elementor-id=\"251\" class=\"elementor elementor-251\" data-elementor-settings=\"[]\">\n\t\t\t\t\t\t<div class=\"elementor-inner\">\n\t\t\t\t\t\t\t<div class=\"elementor-section-wrap\">\n\t\t\t\t\t\t\t<section class=\"elementor-section elementor-top-section elementor-element elementor-element-6a8e5e94 elementor-section-boxed elementor-section-height-default elementor-section-height-default\" data-id=\"6a8e5e94\" data-element_type=\"section\">\n\t\t\t\t\t\t<div class=\"elementor-container elementor-column-gap-default\">\n\t\t\t\t\t\t\t<div class=\"elementor-row\">\n\t\t\t\t\t<div class=\"elementor-column elementor-col-100 elementor-top-column elementor-element elementor-element-2949537e\" data-id=\"2949537e\" data-element_type=\"column\">\n\t\t\t<div class=\"elementor-column-wrap elementor-element-populated\">\n\t\t\t\t\t\t\t<div class=\"elementor-widget-wrap\">\n\t\t\t\t\t\t<div class=\"elementor-element elementor-element-99964e3 elementor-widget elementor-widget-heading\" data-id=\"99964e3\" data-element_type=\"widget\" data-widget_type=\"heading.default\">\n\t\t\t\t<div class=\"elementor-widget-container\">\n\t\t\t<h2 class=\"elementor-heading-title elementor-size-default\">Logo Kunst \u2013 Dein pers\u00f6nliches Vision Bild<\/h2>\t\t<\/div>\n\t\t\t\t<\/div>\n\t\t\t\t<div class=\"elementor-element elementor-element-818641f elementor-widget elementor-widget-text-editor\" data-id=\"818641f\" data-element_type=\"widget\" data-widget_type=\"text-editor.default\">\n\t\t\t\t<div class=\"elementor-widget-container\">\n\t\t\t\t\t\t\t\t<div class=\"elementor-text-editor elementor-clearfix\">\n\t\t\t\t<p>Zu jedem chiSign Erfolgslogo erh\u00e4ltst du einen Entwurf deines individuellen Vision Bildes mit den optimalen Farben zur Ansicht. Auf Wunsch lasse ich dieses Bild f\u00fcr dich entstehen, gemalt auf hochwertiger Leinwand in Acryltechnik und 3D-Effekt. Zus\u00e4tzlich kann das Werk mit Blattgold veredelt werden und wird in den idealen Feng Shui Ma\u00dfen angefertigt.<\/p>\n<p>Dieser kreative Prozess bringt die volle Energie deines chiSign Logos zum Ausdruck und macht es zu einer kraftvollen Inspirationsquelle. Dein pers\u00f6nliches Kunstwerk ist nicht nur \u00e4sthetisch, sondern auch energetisch wirksam \u2013 perfekt f\u00fcr dein B\u00fcro, Besprechungszimmer oder den Konferenzraum.<\/p>\t\t\t\t\t<\/div>\n\t\t\t\t\t\t<\/div>\n\t\t\t\t<\/div>\n\t\t\t\t<div class=\"elementor-element elementor-element-be41d18 elementor-widget elementor-widget-image-gallery\" data-id=\"be41d18\" data-element_type=\"widget\" data-widget_type=\"image-gallery.default\">\n\t\t\t\t<div class=\"elementor-widget-container\">\n\t\t\t\t\t<div class=\"elementor-image-gallery\">\n\t\t\t<div id='gallery-1' class='gallery galleryid-251 gallery-columns-4 gallery-size-thumbnail'><figure class='gallery-item'>\n\t\t\t<div class='gallery-icon portrait'>\n\t\t\t\t<a data-elementor-open-lightbox=\"yes\" data-elementor-lightbox-slideshow=\"be41d18\" data-elementor-lightbox-title=\"20988380_1872815872743569_8716311908020350792_o\" e-action-hash=\"#elementor-action%3Aaction%3Dlightbox%26settings%3DeyJpZCI6ODQ3LCJ1cmwiOiJodHRwOlwvXC9xdWFudGFuaWEuZGVcL3dwLWNvbnRlbnRcL3VwbG9hZHNcLzIwMjRcLzA5XC8yMDk4ODM4MF8xODcyODE1ODcyNzQzNTY5Xzg3MTYzMTE5MDgwMjAzNTA3OTJfby0xLmpwZyIsInNsaWRlc2hvdyI6ImJlNDFkMTgifQ%3D%3D\" href='http:\/\/quantania.de\/wp-content\/uploads\/2024\/09\/20988380_1872815872743569_8716311908020350792_o-1.jpg'><img width=\"150\" height=\"150\" src=\"http:\/\/quantania.de\/wp-content\/uploads\/2024\/09\/20988380_1872815872743569_8716311908020350792_o-1-150x150.jpg\" class=\"attachment-thumbnail size-thumbnail\" alt=\"\" loading=\"lazy\" aria-describedby=\"gallery-1-847\" srcset=\"http:\/\/quantania.de\/wp-content\/uploads\/2024\/09\/20988380_1872815872743569_8716311908020350792_o-1-150x150.jpg 150w, http:\/\/quantania.de\/wp-content\/uploads\/2024\/09\/20988380_1872815872743569_8716311908020350792_o-1-298x300.jpg 298w, http:\/\/quantania.de\/wp-content\/uploads\/2024\/09\/20988380_1872815872743569_8716311908020350792_o-1-1018x1024.jpg 1018w, http:\/\/quantania.de\/wp-content\/uploads\/2024\/09\/20988380_1872815872743569_8716311908020350792_o-1-768x772.jpg 768w, http:\/\/quantania.de\/wp-content\/uploads\/2024\/09\/20988380_1872815872743569_8716311908020350792_o-1-1527x1536.jpg 1527w, http:\/\/quantania.de\/wp-content\/uploads\/2024\/09\/20988380_1872815872743569_8716311908020350792_o-1.jpg 1727w\" sizes=\"(max-width: 150px) 100vw, 150px\" \/><\/a>\n\t\t\t<\/div>\n\t\t\t\t<figcaption class='wp-caption-text gallery-caption' id='gallery-1-847'>\n\t\t\t\tHatoro Foundation Logobild von mir gemalt\n\t\t\t\t<\/figcaption><\/figure><figure class='gallery-item'>\n\t\t\t<div class='gallery-icon landscape'>\n\t\t\t\t<a data-elementor-open-lightbox=\"yes\" data-elementor-lightbox-slideshow=\"be41d18\" data-elementor-lightbox-title=\"DSC00018\" e-action-hash=\"#elementor-action%3Aaction%3Dlightbox%26settings%3DeyJpZCI6ODU5LCJ1cmwiOiJodHRwOlwvXC9xdWFudGFuaWEuZGVcL3dwLWNvbnRlbnRcL3VwbG9hZHNcLzIwMjRcLzA5XC9EU0MwMDAxOC1zY2FsZWQuanBnIiwic2xpZGVzaG93IjoiYmU0MWQxOCJ9\" href='http:\/\/quantania.de\/wp-content\/uploads\/2024\/09\/DSC00018-scaled.jpg'><img width=\"150\" height=\"150\" src=\"http:\/\/quantania.de\/wp-content\/uploads\/2024\/09\/DSC00018-150x150.jpg\" class=\"attachment-thumbnail size-thumbnail\" alt=\"\" loading=\"lazy\" aria-describedby=\"gallery-1-859\" \/><\/a>\n\t\t\t<\/div>\n\t\t\t\t<figcaption class='wp-caption-text gallery-caption' id='gallery-1-859'>\n\t\t\t\tAusschnitt Hatoro Bild\n\t\t\t\t<\/figcaption><\/figure><figure class='gallery-item'>\n\t\t\t<div class='gallery-icon portrait'>\n\t\t\t\t<a data-elementor-open-lightbox=\"yes\" data-elementor-lightbox-slideshow=\"be41d18\" data-elementor-lightbox-title=\"IMG_0330\" e-action-hash=\"#elementor-action%3Aaction%3Dlightbox%26settings%3DeyJpZCI6ODYxLCJ1cmwiOiJodHRwOlwvXC9xdWFudGFuaWEuZGVcL3dwLWNvbnRlbnRcL3VwbG9hZHNcLzIwMjRcLzA5XC9JTUdfMDMzMC5qcGciLCJzbGlkZXNob3ciOiJiZTQxZDE4In0%3D\" href='http:\/\/quantania.de\/wp-content\/uploads\/2024\/09\/IMG_0330.jpg'><img width=\"150\" height=\"150\" src=\"http:\/\/quantania.de\/wp-content\/uploads\/2024\/09\/IMG_0330-150x150.jpg\" class=\"attachment-thumbnail size-thumbnail\" alt=\"\" loading=\"lazy\" aria-describedby=\"gallery-1-861\" \/><\/a>\n\t\t\t<\/div>\n\t\t\t\t<figcaption class='wp-caption-text gallery-caption' id='gallery-1-861'>\n\t\t\t\tDiamant Licht-Energietr\u00e4ger\n\t\t\t\t<\/figcaption><\/figure><figure class='gallery-item'>\n\t\t\t<div class='gallery-icon landscape'>\n\t\t\t\t<a data-elementor-open-lightbox=\"yes\" data-elementor-lightbox-slideshow=\"be41d18\" data-elementor-lightbox-title=\"319096_290627804390657_650886342_n\" e-action-hash=\"#elementor-action%3Aaction%3Dlightbox%26settings%3DeyJpZCI6ODYyLCJ1cmwiOiJodHRwOlwvXC9xdWFudGFuaWEuZGVcL3dwLWNvbnRlbnRcL3VwbG9hZHNcLzIwMjRcLzA5XC8zMTkwOTZfMjkwNjI3ODA0MzkwNjU3XzY1MDg4NjM0Ml9uLmpwZyIsInNsaWRlc2hvdyI6ImJlNDFkMTgifQ%3D%3D\" href='http:\/\/quantania.de\/wp-content\/uploads\/2024\/09\/319096_290627804390657_650886342_n.jpg'><img width=\"150\" height=\"150\" src=\"http:\/\/quantania.de\/wp-content\/uploads\/2024\/09\/319096_290627804390657_650886342_n-150x150.jpg\" class=\"attachment-thumbnail size-thumbnail\" alt=\"\" loading=\"lazy\" aria-describedby=\"gallery-1-862\" \/><\/a>\n\t\t\t<\/div>\n\t\t\t\t<figcaption class='wp-caption-text gallery-caption' id='gallery-1-862'>\n\t\t\t\tIm Atelier \n\t\t\t\t<\/figcaption><\/figure><figure class='gallery-item'>\n\t\t\t<div class='gallery-icon portrait'>\n\t\t\t\t<a data-elementor-open-lightbox=\"yes\" data-elementor-lightbox-slideshow=\"be41d18\" data-elementor-lightbox-title=\"2012-10-31 14.19.11\" e-action-hash=\"#elementor-action%3Aaction%3Dlightbox%26settings%3DeyJpZCI6NDcsInVybCI6Imh0dHA6XC9cL3F1YW50YW5pYS5kZVwvd3AtY29udGVudFwvdXBsb2Fkc1wvMjAyMFwvMDRcLzIwMTItMTAtMzEtMTQuMTkuMTEtZTE2NTM5MjM1NjQzMjMuanBnIiwic2xpZGVzaG93IjoiYmU0MWQxOCJ9\" href='http:\/\/quantania.de\/wp-content\/uploads\/2020\/04\/2012-10-31-14.19.11-e1653923564323.jpg'><img width=\"150\" height=\"150\" src=\"http:\/\/quantania.de\/wp-content\/uploads\/2020\/04\/2012-10-31-14.19.11-150x150.jpg\" class=\"attachment-thumbnail size-thumbnail\" alt=\"\" loading=\"lazy\" aria-describedby=\"gallery-1-47\" srcset=\"http:\/\/quantania.de\/wp-content\/uploads\/2020\/04\/2012-10-31-14.19.11-150x150.jpg 150w, http:\/\/quantania.de\/wp-content\/uploads\/2020\/04\/2012-10-31-14.19.11-1015x1024.jpg 1015w, http:\/\/quantania.de\/wp-content\/uploads\/2020\/04\/2012-10-31-14.19.11-768x774.jpg 768w, http:\/\/quantania.de\/wp-content\/uploads\/2020\/04\/2012-10-31-14.19.11-1523x1536.jpg 1523w, http:\/\/quantania.de\/wp-content\/uploads\/2020\/04\/2012-10-31-14.19.11-e1653923564323.jpg 900w\" sizes=\"(max-width: 150px) 100vw, 150px\" \/><\/a>\n\t\t\t<\/div>\n\t\t\t\t<figcaption class='wp-caption-text gallery-caption' id='gallery-1-47'>\n\t\t\t\tLogo Bild von mir gemalt\n\t\t\t\t<\/figcaption><\/figure><figure class='gallery-item'>\n\t\t\t<div class='gallery-icon portrait'>\n\t\t\t\t<a data-elementor-open-lightbox=\"yes\" data-elementor-lightbox-slideshow=\"be41d18\" data-elementor-lightbox-title=\"1001606_627976440560858_490539970_n\" e-action-hash=\"#elementor-action%3Aaction%3Dlightbox%26settings%3DeyJpZCI6NTQsInVybCI6Imh0dHA6XC9cL3F1YW50YW5pYS5kZVwvd3AtY29udGVudFwvdXBsb2Fkc1wvMjAyMFwvMDRcLzEwMDE2MDZfNjI3OTc2NDQwNTYwODU4XzQ5MDUzOTk3MF9uLmpwZyIsInNsaWRlc2hvdyI6ImJlNDFkMTgifQ%3D%3D\" href='http:\/\/quantania.de\/wp-content\/uploads\/2020\/04\/1001606_627976440560858_490539970_n.jpg'><img width=\"150\" height=\"150\" src=\"http:\/\/quantania.de\/wp-content\/uploads\/2020\/04\/1001606_627976440560858_490539970_n-150x150.jpg\" class=\"attachment-thumbnail size-thumbnail\" alt=\"\" loading=\"lazy\" aria-describedby=\"gallery-1-54\" \/><\/a>\n\t\t\t<\/div>\n\t\t\t\t<figcaption class='wp-caption-text gallery-caption' id='gallery-1-54'>\n\t\t\t\tVisionbild in der Heilpraxis\n\t\t\t\t<\/figcaption><\/figure><figure class='gallery-item'>\n\t\t\t<div class='gallery-icon landscape'>\n\t\t\t\t<a data-elementor-open-lightbox=\"yes\" data-elementor-lightbox-slideshow=\"be41d18\" data-elementor-lightbox-title=\"DSC_3364\" e-action-hash=\"#elementor-action%3Aaction%3Dlightbox%26settings%3DeyJpZCI6ODczLCJ1cmwiOiJodHRwOlwvXC9xdWFudGFuaWEuZGVcL3dwLWNvbnRlbnRcL3VwbG9hZHNcLzIwMjRcLzA5XC9EU0NfMzM2NC1zY2FsZWQuanBnIiwic2xpZGVzaG93IjoiYmU0MWQxOCJ9\" href='http:\/\/quantania.de\/wp-content\/uploads\/2024\/09\/DSC_3364-scaled.jpg'><img width=\"150\" height=\"150\" src=\"http:\/\/quantania.de\/wp-content\/uploads\/2024\/09\/DSC_3364-150x150.jpg\" class=\"attachment-thumbnail size-thumbnail\" alt=\"\" loading=\"lazy\" aria-describedby=\"gallery-1-873\" \/><\/a>\n\t\t\t<\/div>\n\t\t\t\t<figcaption class='wp-caption-text gallery-caption' id='gallery-1-873'>\n\t\t\t\tVisionsbild f\u00fcr die Berufung-Akademie\n\t\t\t\t<\/figcaption><\/figure><figure class='gallery-item'>\n\t\t\t<div class='gallery-icon landscape'>\n\t\t\t\t<a data-elementor-open-lightbox=\"yes\" data-elementor-lightbox-slideshow=\"be41d18\" data-elementor-lightbox-title=\"IMG_0138\" e-action-hash=\"#elementor-action%3Aaction%3Dlightbox%26settings%3DeyJpZCI6ODYwLCJ1cmwiOiJodHRwOlwvXC9xdWFudGFuaWEuZGVcL3dwLWNvbnRlbnRcL3VwbG9hZHNcLzIwMjRcLzA5XC9JTUdfMDEzOC5qcGciLCJzbGlkZXNob3ciOiJiZTQxZDE4In0%3D\" href='http:\/\/quantania.de\/wp-content\/uploads\/2024\/09\/IMG_0138.jpg'><img width=\"150\" height=\"150\" src=\"http:\/\/quantania.de\/wp-content\/uploads\/2024\/09\/IMG_0138-150x150.jpg\" class=\"attachment-thumbnail size-thumbnail\" alt=\"\" loading=\"lazy\" aria-describedby=\"gallery-1-860\" \/><\/a>\n\t\t\t<\/div>\n\t\t\t\t<figcaption class='wp-caption-text gallery-caption' id='gallery-1-860'>\n\t\t\t\tVisionsbild auf einem Kongress\n\t\t\t\t<\/figcaption><\/figure>\n\t\t<\/div>\n\t\t<\/div>\n\t\t\t\t<\/div>\n\t\t\t\t<\/div>\n\t\t\t\t\t\t<\/div>\n\t\t\t\t\t<\/div>\n\t\t<\/div>\n\t\t\t\t\t\t\t\t<\/div>\n\t\t\t\t\t<\/div>\n\t\t<\/section>\n\t\t\t\t\t\t<\/div>\n\t\t\t\t\t\t<\/div>\n\t\t\t\t\t<\/div>\n\t\t","protected":false},"excerpt":{"rendered":"<p>Logo Kunst \u2013 Dein pers\u00f6nliches Vision Bild Zu jedem chiSign Erfolgslogo erh\u00e4ltst du einen Entwurf deines individuellen Vision Bildes mit den optimalen Farben zur Ansicht. Auf Wunsch lasse ich dieses Bild f\u00fcr dich entstehen, gemalt auf hochwertiger Leinwand in Acryltechnik und 3D-Effekt. Zus\u00e4tzlich kann das Werk mit Blattgold veredelt werden und wird in den idealen [&hellip;]<\/p>\n","protected":false},"author":1,"featured_media":0,"parent":0,"menu_order":0,"comment_status":"closed","ping_status":"closed","template":"","meta":{"om_disable_all_campaigns":false,"_monsterinsights_skip_tracking":false,"_monsterinsights_sitenote_active":false,"_monsterinsights_sitenote_note":"","_monsterinsights_sitenote_category":0},"_links":{"self":[{"href":"http:\/\/quantania.de\/index.php?rest_route=\/wp\/v2\/pages\/251"}],"collection":[{"href":"http:\/\/quantania.de\/index.php?rest_route=\/wp\/v2\/pages"}],"about":[{"href":"http:\/\/quantania.de\/index.php?rest_route=\/wp\/v2\/types\/page"}],"author":[{"embeddable":true,"href":"http:\/\/quantania.de\/index.php?rest_route=\/wp\/v2\/users\/1"}],"replies":[{"embeddable":true,"href":"http:\/\/quantania.de\/index.php?rest_route=%2Fwp%2Fv2%2Fcomments&post=251"}],"version-history":[{"count":19,"href":"http:\/\/quantania.de\/index.php?rest_route=\/wp\/v2\/pages\/251\/revisions"}],"predecessor-version":[{"id":877,"href":"http:\/\/quantania.de\/index.php?rest_route=\/wp\/v2\/pages\/251\/revisions\/877"}],"wp:attachment":[{"href":"http:\/\/quantania.de\/index.php?rest_route=%2Fwp%2Fv2%2Fmedia&parent=251"}],"curies":[{"name":"wp","href":"https:\/\/api.w.org\/{rel}","templated":true}]}}